{"id":16507,"date":"2022-06-18T16:33:27","date_gmt":"2022-06-18T16:33:27","guid":{"rendered":"http:\/\/www.infest.es\/?page_id=16507"},"modified":"2022-06-18T18:08:30","modified_gmt":"2022-06-18T18:08:30","slug":"jurat-infest-2022","status":"publish","type":"page","link":"http:\/\/www.infest.es\/en\/jurat-infest-2022\/","title":{"rendered":"Jury InFest 2022"},"content":{"rendered":"<p><div class=\"fusion-fullwidth fullwidth-box nonhundred-percent-fullwidth non-hundred-percent-height-scrolling\"  style='background-color: #29292a;background-position: center center;background-repeat: no-repeat;padding-top:0px;padding-right:0px;padding-bottom:0px;padding-left:0px;'><div class=\"fusion-builder-row fusion-row \"><div  class=\"fusion-layout-column fusion_builder_column fusion_builder_column_1_1  fusion-one-full fusion-column-first fusion-column-last 1_1\"  style='margin-top:0px;margin-bottom:20px;'>\n\t\t\t\t\t<div class=\"fusion-column-wrapper\" style=\"padding: 0px 0px 0px 0px;background-position:left top;background-repeat:no-repeat;-webkit-background-size:cover;-moz-background-size:cover;-o-background-size:cover;background-size:cover;\"  data-bg-url=\"\">\n\t\t\t\t\t\t<div class=\"fusion-title title fusion-title-center fusion-title-size-one\" style=\"margin-top:0px;margin-bottom:31px;\"><div class=\"title-sep-container title-sep-container-left\"><div class=\"title-sep sep-double sep-solid\" style=\"border-color:#3e3e3e;\"><\/div><\/div><h1 class=\"title-heading-center\">Infest jury 2022<\/h1><div class=\"title-sep-container title-sep-container-right\"><div class=\"title-sep sep-double sep-solid\" style=\"border-color:#3e3e3e;\"><\/div><\/div><\/div><div class=\"fusion-sep-clear\"><\/div><div class=\"fusion-separator fusion-full-width-sep sep-none\" style=\"margin-left: auto;margin-right: auto;margin-top:;\"><\/div><div class=\"fusion-text\"><div class=\"result-shield-container tlid-copy-target\" style=\"text-align: center;\" tabindex=\"0\">\n<p id=\"tw-target-text\" class=\"tw-data-text tw-text-large tw-ta\" dir=\"ltr\" data-placeholder=\"Translation\"><span class=\"Y2IQFc\" lang=\"en\">Between the 4 or 5 hundred submissions we receive annually, the InFest organization selects around twenty shorts to screen during the festival. This year, the pre-selection has been carried out by the following cockroaches: Anna Berrozpe, Miqui Cardona, Imanol Fern\u00e1ndez, Alberto Garc\u00eda, Nerea G\u00f3mez, Ignasi Mu\u00f1oz and Laia Pineda. All of them are linked to the artistic and audiovisual world in one way or another. The InFest organization is also in charge of choosing a professional jury, which will be awarding the first and second InFest prizes, valued at \u20ac1,000 and \u20ac250, respectively. In 2022, the jury is made up of:<\/span><\/p>\n<\/div>\n<\/div><div class=\"fusion-sep-clear\"><\/div><div class=\"fusion-separator fusion-full-width-sep sep-none\" style=\"margin-left: auto;margin-right: auto;margin-top:;\"><\/div><div class=\"fusion-sep-clear\"><\/div><div class=\"fusion-separator fusion-full-width-sep sep-none\" style=\"margin-left: auto;margin-right: auto;margin-top:;\"><\/div><div class=\"fusion-text\"><div class=\"text-wrap tlid-copy-target\">\n<div class=\"result-shield-container tlid-copy-target\" style=\"text-align: center;\" tabindex=\"0\">L&#8217;organitzaci\u00f3 InFest s\u2019encarrega tamb\u00e9 de buscar un jurat professional, que ser\u00e0 qui concedir\u00e0 el primer i el segon premi InFest, valorats en 1.000 i 250 \u20ac respectivament. L&#8217;any 2022, el jurat est\u00e0 format per:<\/div>\n<\/div>\n<\/div><div class=\"fusion-clearfix\"><\/div>\n\n\t\t\t\t\t<\/div>\n\t\t\t\t<\/div><\/div><\/div><div class=\"fusion-fullwidth fullwidth-box nonhundred-percent-fullwidth non-hundred-percent-height-scrolling\"  style='background-color: #29292a;background-position: center center;background-repeat: no-repeat;padding-top:0px;padding-right:0px;padding-bottom:0px;padding-left:0px;'><div class=\"fusion-builder-row fusion-row \"><div  class=\"fusion-layout-column fusion_builder_column fusion_builder_column_1_3  fusion-one-third fusion-column-first 1_3\"  style='margin-top:0px;margin-bottom:20px;width:33.33%;width:calc(33.33% - ( ( 4% + 4% ) * 0.3333 ) );margin-right: 4%;'>\n\t\t\t\t\t<div class=\"fusion-column-wrapper\" style=\"padding: 0px 0px 0px 0px;background-position:left top;background-repeat:no-repeat;-webkit-background-size:cover;-moz-background-size:cover;-o-background-size:cover;background-size:cover;\"  data-bg-url=\"\">\n\t\t\t\t\t\t<div class=\"fusion-flip-boxes flip-boxes row fusion-columns-1\"><div class=\"fusion-flip-box-wrapper fusion-column col-lg-12 col-md-12 col-sm-12\"><div class=\"fusion-flip-box\"><div class=\"flip-box-inner-wrapper\"><div class=\"flip-box-front\" style=\"background-color:#3e3e3e;border-color:rgba(0,0,0,0);border-radius:4px;border-style:solid;border-width:1px;color:#aaa9a9;\"><div class=\"flip-box-front-inner\"><div class=\"flip-box-grafix flip-box-image\"><img src=\"http:\/\/www.infest.es\/wp-content\/uploads\/2022\/06\/botet.jpg\" width=\"300\" height=\"150\" alt=\"\" \/><\/div><h2 class=\"flip-box-heading\" style=\"color:#ffffff;\">Javier Botet<\/h2>Actor<\/div><\/div><div class=\"flip-box-back\" style=\"background-color:#cb7224;border-color:rgba(0,0,0,0);border-radius:4px;border-style:solid;border-width:1px;color:#ffffff;\"><div class=\"flip-box-back-inner\"><h3 class=\"flip-box-heading-back\" style=\"color:#eeeded;\">Javier Botet<\/h3>\n<p>Tot i ser un dels actors que m\u00e9s has vist a Hollywood, probablement no el reconeixer\u00e0s. Actor, director i il\u00b7lustrador, Javier Botet ha estat, entre d&#8217;altres, la ni\u00f1a de Medeiros de REC, la Mare de Mam\u00e1, Slenderman, Key Face a Insidious i fins i tot un xenomorf a Alien Covenant.<\/p>\n<\/div><\/div><\/div><\/div><\/div><\/div><div class=\"fusion-clearfix\"><\/div><div class=\"fusion-clearfix\"><\/div>\n\n\t\t\t\t\t<\/div>\n\t\t\t\t<\/div><div  class=\"fusion-layout-column fusion_builder_column fusion_builder_column_1_3  fusion-one-third 1_3\"  style='margin-top:0px;margin-bottom:20px;width:33.33%;width:calc(33.33% - ( ( 4% + 4% ) * 0.3333 ) );margin-right: 4%;'>\n\t\t\t\t\t<div class=\"fusion-column-wrapper\" style=\"padding: 0px 0px 0px 0px;background-position:left top;background-repeat:no-repeat;-webkit-background-size:cover;-moz-background-size:cover;-o-background-size:cover;background-size:cover;\"  data-bg-url=\"\">\n\t\t\t\t\t\t<div class=\"fusion-flip-boxes flip-boxes row fusion-columns-1\"><div class=\"fusion-flip-box-wrapper fusion-column col-lg-12 col-md-12 col-sm-12\"><div class=\"fusion-flip-box\"><div class=\"flip-box-inner-wrapper\"><div class=\"flip-box-front\" style=\"background-color:#3e3e3e;border-color:rgba(0,0,0,0);border-radius:4px;border-style:solid;border-width:1px;color:#aaa9a9;\"><div class=\"flip-box-front-inner\"><div class=\"flip-box-grafix flip-box-image\"><img src=\"http:\/\/www.infest.es\/wp-content\/uploads\/2022\/06\/anna.jpg\" width=\"300\" height=\"150\" alt=\"\" \/><\/div><h2 class=\"flip-box-heading\" style=\"color:#ffffff;\">Anna Moragriega Farr\u00e9s<\/h2>Productora<\/div><\/div><div class=\"flip-box-back\" style=\"background-color:#cb7224;border-color:rgba(0,0,0,0);border-radius:4px;border-style:solid;border-width:1px;color:#ffffff;\"><div class=\"flip-box-back-inner\"><h3 class=\"flip-box-heading-back\" style=\"color:#eeeded;\">Anna Moragriega Farr\u00e9s<\/h3>\n<p>Anna has worked with the structuring financially of projects at <em>Gate Media\u00a0<\/em>and <em>LatAm<\/em>. She has also been head of production for <em>Nanouk Films<\/em> and Filmin feature film \u201cOjos Negros\u201d (2019), winner of the <em>Biznaga de Plata<\/em> at the Malaga Festival and nominated for \u2018Best Non-Catalan Language Film\u2019 at the Catalan <em>Gaud\u00ed Awards<\/em>.<br \/>\nAmong the most outstanding short films with Anna as a producer we find \u00abNI OBLIT NI PERD\u00d3\u00bb (2019), \u00abTRIBU\u00bb (2017), or \u00abPETIT\u00bb (2017). She currently teaches classes at ESCAC, working at production company <em>Nostromo Pictures<\/em> assisting the executive producers and realizing her own independent film projects with <em>Pausa Dram\u00e1tica Films.<\/em><\/p>\n<\/div><\/div><\/div><\/div><\/div><\/div><div class=\"fusion-clearfix\"><\/div><div class=\"fusion-clearfix\"><\/div>\n\n\t\t\t\t\t<\/div>\n\t\t\t\t<\/div><div  class=\"fusion-layout-column fusion_builder_column fusion_builder_column_1_3  fusion-one-third fusion-column-last 1_3\"  style='margin-top:0px;margin-bottom:20px;width:33.33%;width:calc(33.33% - ( ( 4% + 4% ) * 0.3333 ) );'>\n\t\t\t\t\t<div class=\"fusion-column-wrapper\" style=\"padding: 0px 0px 0px 0px;background-position:left top;background-repeat:no-repeat;-webkit-background-size:cover;-moz-background-size:cover;-o-background-size:cover;background-size:cover;\"  data-bg-url=\"\">\n\t\t\t\t\t\t<div class=\"fusion-flip-boxes flip-boxes row fusion-columns-1\"><div class=\"fusion-flip-box-wrapper fusion-column col-lg-12 col-md-12 col-sm-12\"><div class=\"fusion-flip-box\"><div class=\"flip-box-inner-wrapper\"><div class=\"flip-box-front\" style=\"background-color:#3e3e3e;border-color:rgba(0,0,0,0);border-radius:4px;border-style:solid;border-width:1px;color:#aaa9a9;\"><div class=\"flip-box-front-inner\"><div class=\"flip-box-grafix flip-box-image\"><img src=\"http:\/\/www.infest.es\/wp-content\/uploads\/2022\/06\/caye.jpg\" width=\"300\" height=\"150\" alt=\"\" \/><\/div><h2 class=\"flip-box-heading\" style=\"color:#ffffff;\">Caye Casas<\/h2>Director<\/div><\/div><div class=\"flip-box-back\" style=\"background-color:#cb7224;border-color:rgba(0,0,0,0);border-radius:4px;border-style:solid;border-width:1px;color:#ffffff;\"><div class=\"flip-box-back-inner\"><h3 class=\"flip-box-heading-back\" style=\"color:#eeeded;\">Caye Casas<\/h3>\n<p>Born in Terrassa, Caye Casas is a writer and director known for his short films <em>Nada S.A.<\/em> (2014) and<em> R.I.P.<\/em> (2017). In the last edition of InFest we had the pleasure of selecting this, his latest short film, which with its extremely black humor won the audience award. His first feature film, <em>Matar a Dios<\/em> (2017), was also awarded the Grand Audience Award at the Sitges Festival.<\/p>\n<\/div><\/div><\/div><\/div><\/div><\/div><div class=\"fusion-clearfix\"><\/div><div class=\"fusion-clearfix\"><\/div>\n\n\t\t\t\t\t<\/div>\n\t\t\t\t<\/div><\/div><\/div><div class=\"fusion-fullwidth fullwidth-box nonhundred-percent-fullwidth non-hundred-percent-height-scrolling\"  style='background-color: #29292a;background-position: center center;background-repeat: no-repeat;padding-top:0px;padding-right:0px;padding-bottom:0px;padding-left:0px;'><div class=\"fusion-builder-row fusion-row \"><div  class=\"fusion-layout-column fusion_builder_column fusion_builder_column_1_1  fusion-one-full fusion-column-first fusion-column-last 1_1\"  style='margin-top:0px;margin-bottom:20px;'>\n\t\t\t\t\t<div class=\"fusion-column-wrapper\" style=\"padding: 0px 0px 0px 0px;background-position:left top;background-repeat:no-repeat;-webkit-background-size:cover;-moz-background-size:cover;-o-background-size:cover;background-size:cover;\"  data-bg-url=\"\">\n\t\t\t\t\t\t<div class=\"fusion-clearfix\"><\/div>\n\n\t\t\t\t\t<\/div>\n\t\t\t\t<\/div><\/div><\/div><\/p>\n","protected":false},"excerpt":{"rendered":"","protected":false},"author":1,"featured_media":0,"parent":0,"menu_order":0,"comment_status":"closed","ping_status":"closed","template":"","meta":[],"_links":{"self":[{"href":"http:\/\/www.infest.es\/en\/wp-json\/wp\/v2\/pages\/16507"}],"collection":[{"href":"http:\/\/www.infest.es\/en\/wp-json\/wp\/v2\/pages"}],"about":[{"href":"http:\/\/www.infest.es\/en\/wp-json\/wp\/v2\/types\/page"}],"author":[{"embeddable":true,"href":"http:\/\/www.infest.es\/en\/wp-json\/wp\/v2\/users\/1"}],"replies":[{"embeddable":true,"href":"http:\/\/www.infest.es\/en\/wp-json\/wp\/v2\/comments?post=16507"}],"version-history":[{"count":8,"href":"http:\/\/www.infest.es\/en\/wp-json\/wp\/v2\/pages\/16507\/revisions"}],"predecessor-version":[{"id":16813,"href":"http:\/\/www.infest.es\/en\/wp-json\/wp\/v2\/pages\/16507\/revisions\/16813"}],"wp:attachment":[{"href":"http:\/\/www.infest.es\/en\/wp-json\/wp\/v2\/media?parent=16507"}],"curies":[{"name":"wp","href":"https:\/\/api.w.org\/{rel}","templated":true}]}}

<p><div class="fusion-fullwidth fullwidth-box nonhundred-percent-fullwidth non-hundred-percent-height-scrolling"  style='background-color: #29292a;background-position: center center;background-repeat: no-repeat;padding-top:0px;padding-right:0px;padding-bottom:0px;padding-left:0px;'><div class="fusion-builder-row fusion-row "><div  class="fusion-layout-column fusion_builder_column fusion_builder_column_1_1  fusion-one-full fusion-column-first fusion-column-last 1_1"  style='margin-top:0px;margin-bottom:20px;'>
					<div class="fusion-column-wrapper" style="padding: 0px 0px 0px 0px;background-position:left top;background-repeat:no-repeat;-webkit-background-size:cover;-moz-background-size:cover;-o-background-size:cover;background-size:cover;"  data-bg-url="">
						<div class="fusion-title title fusion-title-center fusion-title-size-one" style="margin-top:0px;margin-bottom:31px;"><div class="title-sep-container title-sep-container-left"><div class="title-sep sep-double sep-solid" style="border-color:#3e3e3e;"></div></div><h1 class="title-heading-center">Infest jury 2022</h1><div class="title-sep-container title-sep-container-right"><div class="title-sep sep-double sep-solid" style="border-color:#3e3e3e;"></div></div></div><div class="fusion-sep-clear"></div><div class="fusion-separator fusion-full-width-sep sep-none" style="margin-left: auto;margin-right: auto;margin-top:;"></div><div class="fusion-text"><div class="result-shield-container tlid-copy-target" style="text-align: center;" tabindex="0">
<p id="tw-target-text" class="tw-data-text tw-text-large tw-ta" dir="ltr" data-placeholder="Translation"><span class="Y2IQFc" lang="en">Between the 4 or 5 hundred submissions we receive annually, the InFest organization selects around twenty shorts to screen during the festival. This year, the pre-selection has been carried out by the following cockroaches: Anna Berrozpe, Miqui Cardona, Imanol Fernández, Alberto García, Nerea Gómez, Ignasi Muñoz and Laia Pineda. All of them are linked to the artistic and audiovisual world in one way or another. The InFest organization is also in charge of choosing a professional jury, which will be awarding the first and second InFest prizes, valued at €1,000 and €250, respectively. In 2022, the jury is made up of:</span></p>
</div>
</div><div class="fusion-sep-clear"></div><div class="fusion-separator fusion-full-width-sep sep-none" style="margin-left: auto;margin-right: auto;margin-top:;"></div><div class="fusion-sep-clear"></div><div class="fusion-separator fusion-full-width-sep sep-none" style="margin-left: auto;margin-right: auto;margin-top:;"></div><div class="fusion-text"><div class="text-wrap tlid-copy-target">
<div class="result-shield-container tlid-copy-target" style="text-align: center;" tabindex="0">L&#8217;organització InFest s’encarrega també de buscar un jurat professional, que serà qui concedirà el primer i el segon premi InFest, valorats en 1.000 i 250 € respectivament. L&#8217;any 2022, el jurat està format per:</div>
</div>
</div><div class="fusion-clearfix"></div>

					</div>
				</div></div></div><div class="fusion-fullwidth fullwidth-box nonhundred-percent-fullwidth non-hundred-percent-height-scrolling"  style='background-color: #29292a;background-position: center center;background-repeat: no-repeat;padding-top:0px;padding-right:0px;padding-bottom:0px;padding-left:0px;'><div class="fusion-builder-row fusion-row "><div  class="fusion-layout-column fusion_builder_column fusion_builder_column_1_3  fusion-one-third fusion-column-first 1_3"  style='margin-top:0px;margin-bottom:20px;width:33.33%;width:calc(33.33% - ( ( 4% + 4% ) * 0.3333 ) );margin-right: 4%;'>
					<div class="fusion-column-wrapper" style="padding: 0px 0px 0px 0px;background-position:left top;background-repeat:no-repeat;-webkit-background-size:cover;-moz-background-size:cover;-o-background-size:cover;background-size:cover;"  data-bg-url="">
						<div class="fusion-flip-boxes flip-boxes row fusion-columns-1"><div class="fusion-flip-box-wrapper fusion-column col-lg-12 col-md-12 col-sm-12"><div class="fusion-flip-box"><div class="flip-box-inner-wrapper"><div class="flip-box-front" style="background-color:#3e3e3e;border-color:rgba(0,0,0,0);border-radius:4px;border-style:solid;border-width:1px;color:#aaa9a9;"><div class="flip-box-front-inner"><div class="flip-box-grafix flip-box-image"><img src="http://www.infest.es/wp-content/uploads/2022/06/botet.jpg" width="300" height="150" alt="" /></div><h2 class="flip-box-heading" style="color:#ffffff;">Javier Botet</h2>Actor</div></div><div class="flip-box-back" style="background-color:#cb7224;border-color:rgba(0,0,0,0);border-radius:4px;border-style:solid;border-width:1px;color:#ffffff;"><div class="flip-box-back-inner"><h3 class="flip-box-heading-back" style="color:#eeeded;">Javier Botet</h3>
<p>Tot i ser un dels actors que més has vist a Hollywood, probablement no el reconeixeràs. Actor, director i il·lustrador, Javier Botet ha estat, entre d&#8217;altres, la niña de Medeiros de REC, la Mare de Mamá, Slenderman, Key Face a Insidious i fins i tot un xenomorf a Alien Covenant.</p>
</div></div></div></div></div></div><div class="fusion-clearfix"></div><div class="fusion-clearfix"></div>

					</div>
				</div><div  class="fusion-layout-column fusion_builder_column fusion_builder_column_1_3  fusion-one-third 1_3"  style='margin-top:0px;margin-bottom:20px;width:33.33%;width:calc(33.33% - ( ( 4% + 4% ) * 0.3333 ) );margin-right: 4%;'>
					<div class="fusion-column-wrapper" style="padding: 0px 0px 0px 0px;background-position:left top;background-repeat:no-repeat;-webkit-background-size:cover;-moz-background-size:cover;-o-background-size:cover;background-size:cover;"  data-bg-url="">
						<div class="fusion-flip-boxes flip-boxes row fusion-columns-1"><div class="fusion-flip-box-wrapper fusion-column col-lg-12 col-md-12 col-sm-12"><div class="fusion-flip-box"><div class="flip-box-inner-wrapper"><div class="flip-box-front" style="background-color:#3e3e3e;border-color:rgba(0,0,0,0);border-radius:4px;border-style:solid;border-width:1px;color:#aaa9a9;"><div class="flip-box-front-inner"><div class="flip-box-grafix flip-box-image"><img src="http://www.infest.es/wp-content/uploads/2022/06/anna.jpg" width="300" height="150" alt="" /></div><h2 class="flip-box-heading" style="color:#ffffff;">Anna Moragriega Farrés</h2>Productora</div></div><div class="flip-box-back" style="background-color:#cb7224;border-color:rgba(0,0,0,0);border-radius:4px;border-style:solid;border-width:1px;color:#ffffff;"><div class="flip-box-back-inner"><h3 class="flip-box-heading-back" style="color:#eeeded;">Anna Moragriega Farrés</h3>
<p>Anna has worked with the structuring financially of projects at <em>Gate Media </em>and <em>LatAm</em>. She has also been head of production for <em>Nanouk Films</em> and Filmin feature film “Ojos Negros” (2019), winner of the <em>Biznaga de Plata</em> at the Malaga Festival and nominated for ‘Best Non-Catalan Language Film’ at the Catalan <em>Gaudí Awards</em>.<br />
Among the most outstanding short films with Anna as a producer we find «NI OBLIT NI PERDÓ» (2019), «TRIBU» (2017), or «PETIT» (2017). She currently teaches classes at ESCAC, working at production company <em>Nostromo Pictures</em> assisting the executive producers and realizing her own independent film projects with <em>Pausa Dramática Films.</em></p>
</div></div></div></div></div></div><div class="fusion-clearfix"></div><div class="fusion-clearfix"></div>

					</div>
				</div><div  class="fusion-layout-column fusion_builder_column fusion_builder_column_1_3  fusion-one-third fusion-column-last 1_3"  style='margin-top:0px;margin-bottom:20px;width:33.33%;width:calc(33.33% - ( ( 4% + 4% ) * 0.3333 ) );'>
					<div class="fusion-column-wrapper" style="padding: 0px 0px 0px 0px;background-position:left top;background-repeat:no-repeat;-webkit-background-size:cover;-moz-background-size:cover;-o-background-size:cover;background-size:cover;"  data-bg-url="">
						<div class="fusion-flip-boxes flip-boxes row fusion-columns-1"><div class="fusion-flip-box-wrapper fusion-column col-lg-12 col-md-12 col-sm-12"><div class="fusion-flip-box"><div class="flip-box-inner-wrapper"><div class="flip-box-front" style="background-color:#3e3e3e;border-color:rgba(0,0,0,0);border-radius:4px;border-style:solid;border-width:1px;color:#aaa9a9;"><div class="flip-box-front-inner"><div class="flip-box-grafix flip-box-image"><img src="http://www.infest.es/wp-content/uploads/2022/06/caye.jpg" width="300" height="150" alt="" /></div><h2 class="flip-box-heading" style="color:#ffffff;">Caye Casas</h2>Director</div></div><div class="flip-box-back" style="background-color:#cb7224;border-color:rgba(0,0,0,0);border-radius:4px;border-style:solid;border-width:1px;color:#ffffff;"><div class="flip-box-back-inner"><h3 class="flip-box-heading-back" style="color:#eeeded;">Caye Casas</h3>
<p>Born in Terrassa, Caye Casas is a writer and director known for his short films <em>Nada S.A.</em> (2014) and<em> R.I.P.</em> (2017). In the last edition of InFest we had the pleasure of selecting this, his latest short film, which with its extremely black humor won the audience award. His first feature film, <em>Matar a Dios</em> (2017), was also awarded the Grand Audience Award at the Sitges Festival.</p>
</div></div></div></div></div></div><div class="fusion-clearfix"></div><div class="fusion-clearfix"></div>

					</div>
				</div></div></div><div class="fusion-fullwidth fullwidth-box nonhundred-percent-fullwidth non-hundred-percent-height-scrolling"  style='background-color: #29292a;background-position: center center;background-repeat: no-repeat;padding-top:0px;padding-right:0px;padding-bottom:0px;padding-left:0px;'><div class="fusion-builder-row fusion-row "><div  class="fusion-layout-column fusion_builder_column fusion_builder_column_1_1  fusion-one-full fusion-column-first fusion-column-last 1_1"  style='margin-top:0px;margin-bottom:20px;'>
					<div class="fusion-column-wrapper" style="padding: 0px 0px 0px 0px;background-position:left top;background-repeat:no-repeat;-webkit-background-size:cover;-moz-background-size:cover;-o-background-size:cover;background-size:cover;"  data-bg-url="">
						<div class="fusion-clearfix"></div>

					</div>
				</div></div></div></p>
