{"id":14011,"date":"2020-07-09T13:33:20","date_gmt":"2020-07-09T13:33:20","guid":{"rendered":"http:\/\/www.infest.es\/?page_id=14011"},"modified":"2021-06-16T19:12:40","modified_gmt":"2021-06-16T19:12:40","slug":"reservations","status":"publish","type":"page","link":"http:\/\/www.infest.es\/en\/reservations\/","title":{"rendered":"Reservations"},"content":{"rendered":"<div class=\"fusion-fullwidth fullwidth-box nonhundred-percent-fullwidth non-hundred-percent-height-scrolling\"  style='background-color: #29292a;background-position: center center;background-repeat: no-repeat;padding-top:0px;padding-right:0px;padding-bottom:0px;padding-left:0px;'><div class=\"fusion-builder-row fusion-row \"><div  class=\"fusion-layout-column fusion_builder_column fusion_builder_column_1_1  fusion-one-full fusion-column-first fusion-column-last 1_1\"  style='margin-top:0px;margin-bottom:0px;'>\n\t\t\t\t\t<div class=\"fusion-column-wrapper\" style=\"padding: 0px 0px 0px 0px;background-position:left top;background-repeat:no-repeat;-webkit-background-size:cover;-moz-background-size:cover;-o-background-size:cover;background-size:cover;\"  data-bg-url=\"\">\n\t\t\t\t\t\t<div class=\"fusion-text\"><p><img decoding=\"async\" loading=\"lazy\" class=\"size-full wp-image-15242\" src=\"http:\/\/www.infest.es\/wp-content\/uploads\/2021\/06\/reserva-2.jpg\" alt=\"\" width=\"877\" height=\"500\" srcset=\"http:\/\/www.infest.es\/wp-content\/uploads\/2021\/06\/reserva-2-200x114.jpg 200w, http:\/\/www.infest.es\/wp-content\/uploads\/2021\/06\/reserva-2-300x171.jpg 300w, http:\/\/www.infest.es\/wp-content\/uploads\/2021\/06\/reserva-2-400x228.jpg 400w, http:\/\/www.infest.es\/wp-content\/uploads\/2021\/06\/reserva-2-600x342.jpg 600w, http:\/\/www.infest.es\/wp-content\/uploads\/2021\/06\/reserva-2-768x438.jpg 768w, http:\/\/www.infest.es\/wp-content\/uploads\/2021\/06\/reserva-2-800x456.jpg 800w, http:\/\/www.infest.es\/wp-content\/uploads\/2021\/06\/reserva-2.jpg 877w\" sizes=\"(max-width: 877px) 100vw, 877px\" \/><\/p>\n<p><span style=\"font-weight: 400;\">You can add up to 10 reservations with the same form. Remember that, to avoid congestion, you can access the site from 8.30 pm to 10 pm.<\/span><\/p>\n<p><strong>AND REMEMBER! To be able to access the site it will be essential to bring your ID and the mask on. \ud83d\ude42<\/strong><\/p>\n\n<div class=\"wpcf7 no-js\" id=\"wpcf7-f13350-o1\" lang=\"ca\" dir=\"ltr\">\n<div class=\"screen-reader-response\"><p role=\"status\" aria-live=\"polite\" aria-atomic=\"true\"><\/p> <ul><\/ul><\/div>\n<form action=\"\/en\/wp-json\/wp\/v2\/pages\/14011#wpcf7-f13350-o1\" method=\"post\" class=\"wpcf7-form init\" aria-label=\"Formulari de contacte\" novalidate=\"novalidate\" data-status=\"init\">\n<div style=\"display: none;\">\n<input type=\"hidden\" name=\"_wpcf7\" value=\"13350\" \/>\n<input type=\"hidden\" name=\"_wpcf7_version\" value=\"5.7.7\" \/>\n<input type=\"hidden\" name=\"_wpcf7_locale\" value=\"ca\" \/>\n<input type=\"hidden\" name=\"_wpcf7_unit_tag\" value=\"wpcf7-f13350-o1\" \/>\n<input type=\"hidden\" name=\"_wpcf7_container_post\" value=\"0\" \/>\n<input type=\"hidden\" name=\"_wpcf7_posted_data_hash\" value=\"\" \/>\n<\/div>\n<p>[field_group emails id=\"usuario\" tabindex:1]<br \/>\n<label> *Nom complert<br \/>\n<span class=\"wpcf7-form-control-wrap\" data-name=\"your-name\"><input size=\"40\" class=\"wpcf7-form-control wpcf7-text wpcf7-validates-as-required\" aria-required=\"true\" aria-invalid=\"false\" value=\"\" type=\"text\" name=\"your-name\" \/><\/span> <\/label>\n<\/p>\n<p><label> *DNI\/NIE\/passaport<br \/>\n<span class=\"wpcf7-form-control-wrap\" data-name=\"Dni\"><input size=\"40\" class=\"wpcf7-form-control wpcf7-text wpcf7-validates-as-required\" aria-required=\"true\" aria-invalid=\"false\" value=\"\" type=\"text\" name=\"Dni\" \/><\/span> <\/label>\n<\/p>\n<p><label> *Correu electr\u00f2nic<br \/>\n<span class=\"wpcf7-form-control-wrap\" data-name=\"your-email\"><input size=\"40\" class=\"wpcf7-form-control wpcf7-text wpcf7-email wpcf7-validates-as-required wpcf7-validates-as-email\" aria-required=\"true\" aria-invalid=\"false\" value=\"\" type=\"email\" name=\"your-email\" \/><\/span> <\/label>\n<\/p>\n<p><label> *Tel\u00e8fon<br \/>\n<span class=\"wpcf7-form-control-wrap\" data-name=\"telefono\"><input size=\"40\" class=\"wpcf7-form-control wpcf7-text wpcf7-tel wpcf7-validates-as-required wpcf7-validates-as-tel\" aria-required=\"true\" aria-invalid=\"false\" value=\"\" type=\"tel\" name=\"telefono\" \/><\/span><\/label>\n<\/p>\n<p><span class=\"wpcf7-form-control-wrap\" data-name=\"permisEdat\"><span class=\"wpcf7-form-control wpcf7-checkbox\"><span class=\"wpcf7-list-item first last\"><input type=\"checkbox\" name=\"permisEdat[]\" value=\"S\u00f3c menor\" \/><span class=\"wpcf7-list-item-label\">S\u00f3c menor<\/span><\/span><\/span><\/span><br \/>\n*Si ets menor d\u2019edat, descarrega el seg\u00fcent document i porta\u2019l omplert i signat el dia del festival.<br \/>\nDescarrega l'autoritzaci\u00f3 per a menors:<br \/>\n<a href=\"http:\/\/www.infest.es\/wp-content\/uploads\/2021\/06\/Infest-Autoritzacio-menors.pdf\"><strong>DESCARREGAR<\/strong><\/a>\n<\/p>\n<p>Dies que vindr\u00e0s al festival InFest:\n<\/p>\n<p><span class=\"wpcf7-form-control-wrap\" data-name=\"PremisArkam\"><span class=\"wpcf7-form-control wpcf7-checkbox\"><span class=\"wpcf7-list-item first last\"><input type=\"checkbox\" name=\"PremisArkam[]\" value=\"Premis Arkam (dijous 8 de juliol)\" \/><span class=\"wpcf7-list-item-label\">Premis Arkam (dijous 8 de juliol)<\/span><\/span><\/span><\/span>\n<\/p>\n<p>MALAURADAMENT LES ENTRADES PER L'INFEST ESTAN EXHAURIDES (Podeu intentar venir a la porta el mateix dia per veure si s'han alliberat entrades)\n<\/p>\n<p><span class=\"wpcf7-form-control-wrap\" data-name=\"VerificacioCOVID\"><span class=\"wpcf7-form-control wpcf7-checkbox wpcf7-validates-as-required\"><span class=\"wpcf7-list-item first last\"><input type=\"checkbox\" name=\"VerificacioCOVID[]\" value=\"*\" \/><span class=\"wpcf7-list-item-label\">*<\/span><\/span><\/span><\/span>Marcant aquesta casella, declaro, responsablement, que durant els darrers 14 dies i en aquest moment no presento cap simptomatologia compatible amb la covid-19 (febre, tos, dificultat respirat\u00f2ria, malestar, diarrea...) o amb qualsevol altre quadre infecci\u00f3s. Durant els darrers 14 dies tampoc he estat positiu de covid-19 ni he conviscut amb persones que siguin o hagin estat positives. Que en relaci\u00f3 a les malalties seg\u00fcents (Malalties respirat\u00f2ries g\u200breus que necessiten medicaci\u00f3 o dispositius de suport ventilatori, malalties card\u00edaques\u200b greus, malalties que afecten al sistema immunitari, diabetis\u200b mal controlada, malalties neuromusculars o encefalopaties \u200bmoderades o greus), no pateixo cap d\u2019aquestes malalties o si pateixo alguna d\u2019aquestes malalties he valorat amb el meu metge\/metgessa la idone\u00eftat de reprendre l\u2019activitat formativa. He valorat amb el meu metge\/metgessa la idone\u00eftat d'assistir a l'activitat.\n<\/p>\n<p>Que em comprometo a informar a l\u2019organitzaci\u00f3 de l'aparici\u00f3 de qualsevol cas de COVID-19 en l\u2019entorn familiar i mantenir un contacte estret amb l\u2019organitzaci\u00f3 davant de qualsevol incid\u00e8ncia i a vigilar el meu estat prenent-me la temperatura abans de sortir de casa per anar a l\u2019esdeveniment.. En el cas que tingui febre o presenti algun dels s\u00edmptomes compatibles amb la COVID-19, no assistir\u00e9 a l\u2019esdeveniment.\n<\/p>\n<p>Finalment, at\u00e8s que l\u2019organitzaci\u00f3 Tiamat Teatre ha pres totes les mesures exigibles per prevenir tota mena de contagis i les ha comunicat, declaro que eximeixo a l'organitzaci\u00f3 de qualsevol mena de conseq\u00fc\u00e8ncia que es pugui derivar de l\u2019esdeveniment.\n<\/p>\n<p>[\/field_group]\n<\/p>\n<p><input class=\"wpcf7-form-control has-spinner wpcf7-submit\" type=\"submit\" value=\"FINALITZA LA TEVA RESERVA\" \/>\n<\/p><p style=\"display: none !important;\"><label>&#916;<textarea name=\"_wpcf7_ak_hp_textarea\" cols=\"45\" rows=\"8\" maxlength=\"100\"><\/textarea><\/label><input type=\"hidden\" id=\"ak_js_1\" name=\"_wpcf7_ak_js\" value=\"229\"\/><script>document.getElementById( \"ak_js_1\" ).setAttribute( \"value\", ( new Date() ).getTime() );<\/script><\/p><div class=\"fusion-alert alert custom alert-custom fusion-alert-center fusion-alert-capitalize alert-dismissable wpcf7-response-output\" style=\"background-color:;color:;border-color:;border-width:1px;\"><button style=\"color:;border-color:;\" type=\"button\" class=\"close toggle-alert\" data-dismiss=\"alert\" aria-hidden=\"true\">&times;<\/button><div class=\"fusion-alert-content-wrapper\"><span class=\"fusion-alert-content\"><\/span><\/div><\/div>\n<\/form>\n<\/div>\n\n<h6><strong>Privacy Policy<\/strong><\/h6>\n<h6><span style=\"font-weight: 400;\">The personal data provided by the user are incorporated into files under the responsibility of ASSOCIACI\u00d3 RUBINENCA PER LA KULTURA AUDIOVISUAL I MUSICAL (hereinafter, \u201cARKAM\u201d). The user, by providing their data and accepting the processing of the same by ARKAM, expressly agrees that such data will be treated in accordance with this privacy policy. The user&#8217;s consent is the legal basis for the processing of their personal data.<\/span><\/h6>\n<h6><b>Data and infromation<\/b><span style=\"font-weight: 400;\">of the contact of the person in charge of the processing of the personal data provided by the user are the following:<\/span><\/h6>\n<h6><span style=\"font-weight: 400;\">Identity of the person in charge: <\/span><span style=\"font-weight: 400;\">ASSOCIACI\u00d3 RUBINENCA PER LA KULTURA AUDIOVISUAL I MUSICAL (ARKAM) <\/span><span style=\"font-weight: 400;\">CIF: G66914409<\/span><\/h6>\n<h6><b>e-mail <\/b><a href=\"mailto:infest.rubi@gmail.com\"><b>infest.rubi@gmail.com<\/b><\/a><\/h6>\n<h6><span style=\"font-weight: 400;\">Lfor the purpose of processing the personal data provided is to respond to requests from the user. The processing of personal data is strictly necessary for the following purposes and will be carried out only for the purposes for which they are requested and authorized by the user:<\/span><\/h6>\n<h6><span style=\"font-weight: 400;\">\u2013 Ticket reservation: The purpose of the processing of personal data provided by the user during the ticket reservation process is only the management of the ticket reservation service requested.<\/span><\/h6>\n<h6><span style=\"font-weight: 400;\">\u2013 Sending ticket booking confirmation emails and event related information.\u00a0\u00a0<\/span><\/h6>\n<h6><span style=\"font-weight: 400;\">The user is responsible for the veracity and updating of the data provided, and this data must be personal, real and accurate. The data provided will be understood to be provided by its owner. The user will be solely responsible for any damage, direct or indirect, that may be caused to any person due to the provision of data when it is false, inaccurate, incomplete, out of date, or relating to another person.<\/span><\/h6>\n<h6><span style=\"font-weight: 400;\">Personal data will not be transferred or transmitted to third parties, or to any third country or international organization.<\/span><\/h6>\n<h6><span style=\"font-weight: 400;\">The data will be kept for as long as the consent of the owner of the same is maintained and for the duration of the relationship between the user and ARKAM plus an additional period of one year. After this time, the data will be deleted<\/span><\/h6>\n<h6><span style=\"font-weight: 400;\">The owner of the personal data has the right to request the data controller to access their data, rectify or delete them, to request the portability of the data, to oppose the processing or to request ne the limitation, and withdraw the consent given, without the exercise of these rights affecting the lawfulness of the treatment based on prior consent. To exercise any of these rights, the user can send their request by email to infest.rubi@gmail.com. The holder of personal data may also file a complaint with the &#8220;Agencia Espa\u00f1ola de Protecci\u00f3n de Datos&#8221;, as a data protection control authority.<\/span><\/h6>\n<\/div><div class=\"fusion-clearfix\"><\/div>\n\n\t\t\t\t\t<\/div>\n\t\t\t\t<\/div><\/div><\/div>\n","protected":false},"excerpt":{"rendered":"","protected":false},"author":1,"featured_media":0,"parent":0,"menu_order":0,"comment_status":"closed","ping_status":"closed","template":"","meta":[],"_links":{"self":[{"href":"http:\/\/www.infest.es\/en\/wp-json\/wp\/v2\/pages\/14011"}],"collection":[{"href":"http:\/\/www.infest.es\/en\/wp-json\/wp\/v2\/pages"}],"about":[{"href":"http:\/\/www.infest.es\/en\/wp-json\/wp\/v2\/types\/page"}],"author":[{"embeddable":true,"href":"http:\/\/www.infest.es\/en\/wp-json\/wp\/v2\/users\/1"}],"replies":[{"embeddable":true,"href":"http:\/\/www.infest.es\/en\/wp-json\/wp\/v2\/comments?post=14011"}],"version-history":[{"count":4,"href":"http:\/\/www.infest.es\/en\/wp-json\/wp\/v2\/pages\/14011\/revisions"}],"predecessor-version":[{"id":15319,"href":"http:\/\/www.infest.es\/en\/wp-json\/wp\/v2\/pages\/14011\/revisions\/15319"}],"wp:attachment":[{"href":"http:\/\/www.infest.es\/en\/wp-json\/wp\/v2\/media?parent=14011"}],"curies":[{"name":"wp","href":"https:\/\/api.w.org\/{rel}","templated":true}]}}

<div class="fusion-fullwidth fullwidth-box nonhundred-percent-fullwidth non-hundred-percent-height-scrolling"  style='background-color: #29292a;background-position: center center;background-repeat: no-repeat;padding-top:0px;padding-right:0px;padding-bottom:0px;padding-left:0px;'><div class="fusion-builder-row fusion-row "><div  class="fusion-layout-column fusion_builder_column fusion_builder_column_1_1  fusion-one-full fusion-column-first fusion-column-last 1_1"  style='margin-top:0px;margin-bottom:0px;'>
					<div class="fusion-column-wrapper" style="padding: 0px 0px 0px 0px;background-position:left top;background-repeat:no-repeat;-webkit-background-size:cover;-moz-background-size:cover;-o-background-size:cover;background-size:cover;"  data-bg-url="">
						<div class="fusion-text"><p><img decoding="async" loading="lazy" class="size-full wp-image-15242" src="http://www.infest.es/wp-content/uploads/2021/06/reserva-2.jpg" alt="" width="877" height="500" srcset="http://www.infest.es/wp-content/uploads/2021/06/reserva-2-200x114.jpg 200w, http://www.infest.es/wp-content/uploads/2021/06/reserva-2-300x171.jpg 300w, http://www.infest.es/wp-content/uploads/2021/06/reserva-2-400x228.jpg 400w, http://www.infest.es/wp-content/uploads/2021/06/reserva-2-600x342.jpg 600w, http://www.infest.es/wp-content/uploads/2021/06/reserva-2-768x438.jpg 768w, http://www.infest.es/wp-content/uploads/2021/06/reserva-2-800x456.jpg 800w, http://www.infest.es/wp-content/uploads/2021/06/reserva-2.jpg 877w" sizes="(max-width: 877px) 100vw, 877px" /></p>
<p><span style="font-weight: 400;">You can add up to 10 reservations with the same form. Remember that, to avoid congestion, you can access the site from 8.30 pm to 10 pm.</span></p>
<p><strong>AND REMEMBER! To be able to access the site it will be essential to bring your ID and the mask on. 🙂</strong></p>

<div class="wpcf7 no-js" id="wpcf7-f13350-o1" lang="ca" dir="ltr">
<div class="screen-reader-response"><p role="status" aria-live="polite" aria-atomic="true"></p> <ul></ul></div>
<form action="/en/wp-json/wp/v2/pages/14011#wpcf7-f13350-o1" method="post" class="wpcf7-form init" aria-label="Formulari de contacte" novalidate="novalidate" data-status="init">
<div style="display: none;">
<input type="hidden" name="_wpcf7" value="13350" />
<input type="hidden" name="_wpcf7_version" value="5.7.7" />
<input type="hidden" name="_wpcf7_locale" value="ca" />
<input type="hidden" name="_wpcf7_unit_tag" value="wpcf7-f13350-o1" />
<input type="hidden" name="_wpcf7_container_post" value="0" />
<input type="hidden" name="_wpcf7_posted_data_hash" value="" />
</div>
<p>[field_group emails id="usuario" tabindex:1]<br />
<label> *Nom complert<br />
<span class="wpcf7-form-control-wrap" data-name="your-name"><input size="40" class="wpcf7-form-control wpcf7-text wpcf7-validates-as-required" aria-required="true" aria-invalid="false" value="" type="text" name="your-name" /></span> </label>
</p>
<p><label> *DNI/NIE/passaport<br />
<span class="wpcf7-form-control-wrap" data-name="Dni"><input size="40" class="wpcf7-form-control wpcf7-text wpcf7-validates-as-required" aria-required="true" aria-invalid="false" value="" type="text" name="Dni" /></span> </label>
</p>
<p><label> *Correu electrònic<br />
<span class="wpcf7-form-control-wrap" data-name="your-email"><input size="40" class="wpcf7-form-control wpcf7-text wpcf7-email wpcf7-validates-as-required wpcf7-validates-as-email" aria-required="true" aria-invalid="false" value="" type="email" name="your-email" /></span> </label>
</p>
<p><label> *Telèfon<br />
<span class="wpcf7-form-control-wrap" data-name="telefono"><input size="40" class="wpcf7-form-control wpcf7-text wpcf7-tel wpcf7-validates-as-required wpcf7-validates-as-tel" aria-required="true" aria-invalid="false" value="" type="tel" name="telefono" /></span></label>
</p>
<p><span class="wpcf7-form-control-wrap" data-name="permisEdat"><span class="wpcf7-form-control wpcf7-checkbox"><span class="wpcf7-list-item first last"><input type="checkbox" name="permisEdat[]" value="Sóc menor" /><span class="wpcf7-list-item-label">Sóc menor</span></span></span></span><br />
*Si ets menor d’edat, descarrega el següent document i porta’l omplert i signat el dia del festival.<br />
Descarrega l'autorització per a menors:<br />
<a href="http://www.infest.es/wp-content/uploads/2021/06/Infest-Autoritzacio-menors.pdf"><strong>DESCARREGAR</strong></a>
</p>
<p>Dies que vindràs al festival InFest:
</p>
<p><span class="wpcf7-form-control-wrap" data-name="PremisArkam"><span class="wpcf7-form-control wpcf7-checkbox"><span class="wpcf7-list-item first last"><input type="checkbox" name="PremisArkam[]" value="Premis Arkam (dijous 8 de juliol)" /><span class="wpcf7-list-item-label">Premis Arkam (dijous 8 de juliol)</span></span></span></span>
</p>
<p>MALAURADAMENT LES ENTRADES PER L'INFEST ESTAN EXHAURIDES (Podeu intentar venir a la porta el mateix dia per veure si s'han alliberat entrades)
</p>
<p><span class="wpcf7-form-control-wrap" data-name="VerificacioCOVID"><span class="wpcf7-form-control wpcf7-checkbox wpcf7-validates-as-required"><span class="wpcf7-list-item first last"><input type="checkbox" name="VerificacioCOVID[]" value="*" /><span class="wpcf7-list-item-label">*</span></span></span></span>Marcant aquesta casella, declaro, responsablement, que durant els darrers 14 dies i en aquest moment no presento cap simptomatologia compatible amb la covid-19 (febre, tos, dificultat respiratòria, malestar, diarrea...) o amb qualsevol altre quadre infecciós. Durant els darrers 14 dies tampoc he estat positiu de covid-19 ni he conviscut amb persones que siguin o hagin estat positives. Que en relació a les malalties següents (Malalties respiratòries g​reus que necessiten medicació o dispositius de suport ventilatori, malalties cardíaques​ greus, malalties que afecten al sistema immunitari, diabetis​ mal controlada, malalties neuromusculars o encefalopaties ​moderades o greus), no pateixo cap d’aquestes malalties o si pateixo alguna d’aquestes malalties he valorat amb el meu metge/metgessa la idoneïtat de reprendre l’activitat formativa. He valorat amb el meu metge/metgessa la idoneïtat d'assistir a l'activitat.
</p>
<p>Que em comprometo a informar a l’organització de l'aparició de qualsevol cas de COVID-19 en l’entorn familiar i mantenir un contacte estret amb l’organització davant de qualsevol incidència i a vigilar el meu estat prenent-me la temperatura abans de sortir de casa per anar a l’esdeveniment.. En el cas que tingui febre o presenti algun dels símptomes compatibles amb la COVID-19, no assistiré a l’esdeveniment.
</p>
<p>Finalment, atès que l’organització Tiamat Teatre ha pres totes les mesures exigibles per prevenir tota mena de contagis i les ha comunicat, declaro que eximeixo a l'organització de qualsevol mena de conseqüència que es pugui derivar de l’esdeveniment.
</p>
<p>[/field_group]
</p>
<p><input class="wpcf7-form-control has-spinner wpcf7-submit" type="submit" value="FINALITZA LA TEVA RESERVA" />
</p><p style="display: none !important;"><label>&#916;<textarea name="_wpcf7_ak_hp_textarea" cols="45" rows="8" maxlength="100"></textarea></label><input type="hidden" id="ak_js_1" name="_wpcf7_ak_js" value="229"/><script>document.getElementById( "ak_js_1" ).setAttribute( "value", ( new Date() ).getTime() );</script></p><div class="fusion-alert alert custom alert-custom fusion-alert-center fusion-alert-capitalize alert-dismissable wpcf7-response-output" style="background-color:;color:;border-color:;border-width:1px;"><button style="color:;border-color:;" type="button" class="close toggle-alert" data-dismiss="alert" aria-hidden="true">&times;</button><div class="fusion-alert-content-wrapper"><span class="fusion-alert-content"></span></div></div>
</form>
</div>

<h6><strong>Privacy Policy</strong></h6>
<h6><span style="font-weight: 400;">The personal data provided by the user are incorporated into files under the responsibility of ASSOCIACIÓ RUBINENCA PER LA KULTURA AUDIOVISUAL I MUSICAL (hereinafter, “ARKAM”). The user, by providing their data and accepting the processing of the same by ARKAM, expressly agrees that such data will be treated in accordance with this privacy policy. The user&#8217;s consent is the legal basis for the processing of their personal data.</span></h6>
<h6><b>Data and infromation</b><span style="font-weight: 400;">of the contact of the person in charge of the processing of the personal data provided by the user are the following:</span></h6>
<h6><span style="font-weight: 400;">Identity of the person in charge: </span><span style="font-weight: 400;">ASSOCIACIÓ RUBINENCA PER LA KULTURA AUDIOVISUAL I MUSICAL (ARKAM) </span><span style="font-weight: 400;">CIF: G66914409</span></h6>
<h6><b>e-mail </b><a href="mailto:infest.rubi@gmail.com"><b>infest.rubi@gmail.com</b></a></h6>
<h6><span style="font-weight: 400;">Lfor the purpose of processing the personal data provided is to respond to requests from the user. The processing of personal data is strictly necessary for the following purposes and will be carried out only for the purposes for which they are requested and authorized by the user:</span></h6>
<h6><span style="font-weight: 400;">– Ticket reservation: The purpose of the processing of personal data provided by the user during the ticket reservation process is only the management of the ticket reservation service requested.</span></h6>
<h6><span style="font-weight: 400;">– Sending ticket booking confirmation emails and event related information.  </span></h6>
<h6><span style="font-weight: 400;">The user is responsible for the veracity and updating of the data provided, and this data must be personal, real and accurate. The data provided will be understood to be provided by its owner. The user will be solely responsible for any damage, direct or indirect, that may be caused to any person due to the provision of data when it is false, inaccurate, incomplete, out of date, or relating to another person.</span></h6>
<h6><span style="font-weight: 400;">Personal data will not be transferred or transmitted to third parties, or to any third country or international organization.</span></h6>
<h6><span style="font-weight: 400;">The data will be kept for as long as the consent of the owner of the same is maintained and for the duration of the relationship between the user and ARKAM plus an additional period of one year. After this time, the data will be deleted</span></h6>
<h6><span style="font-weight: 400;">The owner of the personal data has the right to request the data controller to access their data, rectify or delete them, to request the portability of the data, to oppose the processing or to request ne the limitation, and withdraw the consent given, without the exercise of these rights affecting the lawfulness of the treatment based on prior consent. To exercise any of these rights, the user can send their request by email to infest.rubi@gmail.com. The holder of personal data may also file a complaint with the &#8220;Agencia Española de Protección de Datos&#8221;, as a data protection control authority.</span></h6>
</div><div class="fusion-clearfix"></div>

					</div>
				</div></div></div>
