{"id":13348,"date":"2020-06-30T08:41:03","date_gmt":"2020-06-30T08:41:03","guid":{"rendered":"http:\/\/www.infest.es\/?page_id=13348"},"modified":"2021-07-10T13:48:32","modified_gmt":"2021-07-10T13:48:32","slug":"reserva-dentrades","status":"publish","type":"page","link":"http:\/\/www.infest.es\/ca\/reserva-dentrades\/","title":{"rendered":"Reserva d&#8217;entrades"},"content":{"rendered":"<div class=\"fusion-fullwidth fullwidth-box nonhundred-percent-fullwidth non-hundred-percent-height-scrolling\"  style='background-color: #29292a;background-position: center center;background-repeat: no-repeat;padding-top:0px;padding-right:0px;padding-bottom:0px;padding-left:0px;'><div class=\"fusion-builder-row fusion-row \"><div  class=\"fusion-layout-column fusion_builder_column fusion_builder_column_1_1  fusion-one-full fusion-column-first fusion-column-last 1_1\"  style='margin-top:0px;margin-bottom:0px;'>\n\t\t\t\t\t<div class=\"fusion-column-wrapper\" style=\"padding: 0px 0px 0px 0px;background-position:left top;background-repeat:no-repeat;-webkit-background-size:cover;-moz-background-size:cover;-o-background-size:cover;background-size:cover;\"  data-bg-url=\"\">\n\t\t\t\t\t\t<div class=\"fusion-text http:\/\/www.infest.es\/wp-admin\/post.php?post=13348&amp;action=edit&amp;lang=ca#\"><h2><b>LES ENTRADES PER L&#8217;INFEST DE DIVENDRES I DISSABTE ESTAN EXHAURIDES<\/b><\/h2>\n<h2><b>Hem assolit el l\u00edmit d&#8217;aforament<\/b><\/h2>\n<h3><b>(Podeu intentar venir a la porta el mateix dia per veure si s&#8217;han alliberat entrades)<\/b><\/h3>\n<h3><span style=\"font-weight: 400;\">Recorda que, per evitar aglomeracions, podr\u00e0s accedir al recinte de les 20.30h a les 22.00h.<\/span><\/h3>\n<p><strong>I RECORDA! Per poder accedir al recinte ser\u00e0 indispensable portar el DNI y la mascareta posada \ud83d\ude42<\/strong><\/p>\n<p><strong>Tractament de dades <\/strong><\/p>\n<p>La informaci\u00f3 facilitada en aquest formulari ser\u00e0 tractada per Associaci\u00f3 Juvenil Tiamat Teatre, com a entitat legalment responsable per l&#8217;inter\u00e8s leg\u00edtim que t\u00e9 en atendre i donar resposta a la teva sol\u00b7licitud. Llevat que sigui legalment obligatori no es comunicar\u00e0 a cap tercer. Pot exercir sobre ella els drets d&#8217;acc\u00e9s, rectificaci\u00f3, oposici\u00f3, supressi\u00f3, i altres que li reconeix la legislaci\u00f3 vigent. Pot con\u00e8ixer tota la Informaci\u00f3 legal addicional sobre el tractament de les seves dades personals, especialment sobre l&#8217;exercici dels seus drets, a la <a href=\"http:\/\/www.infest.es\/tractament-de-dades\/\">Pol\u00edtica de Privadesa<\/a><\/p>\n<\/div><div class=\"fusion-clearfix\"><\/div>\n\n\t\t\t\t\t<\/div>\n\t\t\t\t<\/div><\/div><\/div>\n","protected":false},"excerpt":{"rendered":"","protected":false},"author":1,"featured_media":0,"parent":0,"menu_order":0,"comment_status":"closed","ping_status":"closed","template":"","meta":[],"_links":{"self":[{"href":"http:\/\/www.infest.es\/ca\/wp-json\/wp\/v2\/pages\/13348"}],"collection":[{"href":"http:\/\/www.infest.es\/ca\/wp-json\/wp\/v2\/pages"}],"about":[{"href":"http:\/\/www.infest.es\/ca\/wp-json\/wp\/v2\/types\/page"}],"author":[{"embeddable":true,"href":"http:\/\/www.infest.es\/ca\/wp-json\/wp\/v2\/users\/1"}],"replies":[{"embeddable":true,"href":"http:\/\/www.infest.es\/ca\/wp-json\/wp\/v2\/comments?post=13348"}],"version-history":[{"count":33,"href":"http:\/\/www.infest.es\/ca\/wp-json\/wp\/v2\/pages\/13348\/revisions"}],"predecessor-version":[{"id":13352,"href":"http:\/\/www.infest.es\/ca\/wp-json\/wp\/v2\/pages\/13348\/revisions\/13352"}],"wp:attachment":[{"href":"http:\/\/www.infest.es\/ca\/wp-json\/wp\/v2\/media?parent=13348"}],"curies":[{"name":"wp","href":"https:\/\/api.w.org\/{rel}","templated":true}]}}

<div class="fusion-fullwidth fullwidth-box nonhundred-percent-fullwidth non-hundred-percent-height-scrolling"  style='background-color: #29292a;background-position: center center;background-repeat: no-repeat;padding-top:0px;padding-right:0px;padding-bottom:0px;padding-left:0px;'><div class="fusion-builder-row fusion-row "><div  class="fusion-layout-column fusion_builder_column fusion_builder_column_1_1  fusion-one-full fusion-column-first fusion-column-last 1_1"  style='margin-top:0px;margin-bottom:0px;'>
					<div class="fusion-column-wrapper" style="padding: 0px 0px 0px 0px;background-position:left top;background-repeat:no-repeat;-webkit-background-size:cover;-moz-background-size:cover;-o-background-size:cover;background-size:cover;"  data-bg-url="">
						<div class="fusion-text http://www.infest.es/wp-admin/post.php?post=13348&amp;action=edit&amp;lang=ca#"><h2><b>LES ENTRADES PER L&#8217;INFEST DE DIVENDRES I DISSABTE ESTAN EXHAURIDES</b></h2>
<h2><b>Hem assolit el límit d&#8217;aforament</b></h2>
<h3><b>(Podeu intentar venir a la porta el mateix dia per veure si s&#8217;han alliberat entrades)</b></h3>
<h3><span style="font-weight: 400;">Recorda que, per evitar aglomeracions, podràs accedir al recinte de les 20.30h a les 22.00h.</span></h3>
<p><strong>I RECORDA! Per poder accedir al recinte serà indispensable portar el DNI y la mascareta posada 🙂</strong></p>
<p><strong>Tractament de dades </strong></p>
<p>La informació facilitada en aquest formulari serà tractada per Associació Juvenil Tiamat Teatre, com a entitat legalment responsable per l&#8217;interès legítim que té en atendre i donar resposta a la teva sol·licitud. Llevat que sigui legalment obligatori no es comunicarà a cap tercer. Pot exercir sobre ella els drets d&#8217;accés, rectificació, oposició, supressió, i altres que li reconeix la legislació vigent. Pot conèixer tota la Informació legal addicional sobre el tractament de les seves dades personals, especialment sobre l&#8217;exercici dels seus drets, a la <a href="http://www.infest.es/tractament-de-dades/">Política de Privadesa</a></p>
</div><div class="fusion-clearfix"></div>

					</div>
				</div></div></div>
