{"id":12179,"date":"2019-01-29T12:16:38","date_gmt":"2019-01-29T12:16:38","guid":{"rendered":"http:\/\/www.infest.es\/?page_id=12179"},"modified":"2020-07-10T12:28:15","modified_gmt":"2020-07-10T12:28:15","slug":"jurat","status":"publish","type":"page","link":"http:\/\/www.infest.es\/ca\/jurat\/","title":{"rendered":"Jurat"},"content":{"rendered":"<p><div class=\"fusion-fullwidth fullwidth-box nonhundred-percent-fullwidth non-hundred-percent-height-scrolling\"  style='background-color: #29292a;background-position: center center;background-repeat: no-repeat;padding-top:0px;padding-right:0px;padding-bottom:0px;padding-left:0px;'><div class=\"fusion-builder-row fusion-row \"><div  class=\"fusion-layout-column fusion_builder_column fusion_builder_column_1_1  fusion-one-full fusion-column-first fusion-column-last 1_1\"  style='margin-top:0px;margin-bottom:20px;'>\n\t\t\t\t\t<div class=\"fusion-column-wrapper\" style=\"padding: 0px 0px 0px 0px;background-position:left top;background-repeat:no-repeat;-webkit-background-size:cover;-moz-background-size:cover;-o-background-size:cover;background-size:cover;\"  data-bg-url=\"\">\n\t\t\t\t\t\t<div class=\"fusion-title title fusion-title-center fusion-title-size-one\" style=\"margin-top:0px;margin-bottom:31px;\"><div class=\"title-sep-container title-sep-container-left\"><div class=\"title-sep sep-double sep-solid\" style=\"border-color:#3e3e3e;\"><\/div><\/div><h1 class=\"title-heading-center\">Jurat 2020<\/h1><div class=\"title-sep-container title-sep-container-right\"><div class=\"title-sep sep-double sep-solid\" style=\"border-color:#3e3e3e;\"><\/div><\/div><\/div><div class=\"fusion-sep-clear\"><\/div><div class=\"fusion-separator fusion-full-width-sep sep-none\" style=\"margin-left: auto;margin-right: auto;margin-top:;\"><\/div><div class=\"fusion-text\"><div class=\"text-wrap tlid-copy-target\">\n<div class=\"result-shield-container tlid-copy-target\" tabindex=\"0\"><span class=\"tlid-translation translation\" lang=\"en\"><span class=\"\" title=\"\">D&#8217;entre els curts que ens arriben, les Cuques de l&#8217;Infest seleccionen 3 hores de projeccions amb els finalistes. Les cuques preseleccionadores enguany han estat: <\/span><\/span><\/div>\n<\/div>\n<p style=\"text-align: center;\">Anna Berrozpe, Miqui Cardona, Imanol Fern\u00e1ndez, Alberto Garc\u00eda,\u00a0 Nerea G\u00f3mez, Ignacio Malag\u00f3n, Patricia Moreno, Laia Parral, Sergio Ramos i Francesc Serrate.\u00a0Totes elles estan vinculades amb el m\u00f3n art\u00edstic i audiovisual.<\/p>\n<p style=\"text-align: center;\"><span class=\"tlid-translation translation\" lang=\"en\"><span class=\"\" title=\"\">Infest s&#8217;encarrega tamb\u00e9 de decidir qui \u00e9s el jurat final, que decideix d&#8217;entre aquestes 3 hores quin ser\u00e0 el primer i el segon premi. Enguany el jurat el formen:<\/span><\/span><\/p>\n<\/div><div class=\"fusion-clearfix\"><\/div>\n\n\t\t\t\t\t<\/div>\n\t\t\t\t<\/div><\/div><\/div><div class=\"fusion-fullwidth fullwidth-box nonhundred-percent-fullwidth non-hundred-percent-height-scrolling\"  style='background-color: #29292a;background-position: center center;background-repeat: no-repeat;padding-top:0px;padding-right:0px;padding-bottom:0px;padding-left:0px;'><div class=\"fusion-builder-row fusion-row \"><div  class=\"fusion-layout-column fusion_builder_column fusion_builder_column_1_3  fusion-one-third fusion-column-first 1_3\"  style='margin-top:0px;margin-bottom:20px;width:33.33%;width:calc(33.33% - ( ( 4% + 4% ) * 0.3333 ) );margin-right: 4%;'>\n\t\t\t\t\t<div class=\"fusion-column-wrapper\" style=\"padding: 0px 0px 0px 0px;background-position:left top;background-repeat:no-repeat;-webkit-background-size:cover;-moz-background-size:cover;-o-background-size:cover;background-size:cover;\"  data-bg-url=\"\">\n\t\t\t\t\t\t<div class=\"fusion-flip-boxes flip-boxes row fusion-columns-1\"><div class=\"fusion-flip-box-wrapper fusion-column col-lg-12 col-md-12 col-sm-12\"><div class=\"fusion-flip-box\"><div class=\"flip-box-inner-wrapper\"><div class=\"flip-box-front\" style=\"background-color:#3e3e3e;border-color:rgba(0,0,0,0);border-radius:4px;border-style:solid;border-width:1px;color:#aaa9a9;\"><div class=\"flip-box-front-inner\"><div class=\"flip-box-grafix flip-box-image\"><img src=\"http:\/\/www.infest.es\/wp-content\/uploads\/2020\/07\/mar-300x200.jpg\" width=\"300\" height=\"150\" alt=\"\" \/><\/div><h2 class=\"flip-box-heading\" style=\"color:#ffffff;\">Mar Morey<\/h2>Realitzadora audiovisual i fot\u00f2grafa<\/div><\/div><div class=\"flip-box-back\" style=\"background-color:#cb7224;border-color:rgba(0,0,0,0);border-radius:4px;border-style:solid;border-width:1px;color:#ffffff;\"><div class=\"flip-box-back-inner\"><h3 class=\"flip-box-heading-back\" style=\"color:#eeeded;\">Mar Morey<\/h3>\n<p>L&#8217;eix central del seu treball \u00e9s l&#8217;educaci\u00f3, l&#8217;art i la cultura. Ha estat realitzadora d&#8217;Arts Santa M\u00f2nica i co-creadora de la productora Sra. Audiovisual amb la qual ha treballat produint obres de diversos artistes i el videoclip Equilibrista de Professor Globo guardonat en els festivals FIC-CAT i Scopifest.<\/p>\n<\/div><\/div><\/div><\/div><\/div><\/div><div class=\"fusion-clearfix\"><\/div><div class=\"fusion-clearfix\"><\/div>\n\n\t\t\t\t\t<\/div>\n\t\t\t\t<\/div><div  class=\"fusion-layout-column fusion_builder_column fusion_builder_column_1_3  fusion-one-third 1_3\"  style='margin-top:0px;margin-bottom:20px;width:33.33%;width:calc(33.33% - ( ( 4% + 4% ) * 0.3333 ) );margin-right: 4%;'>\n\t\t\t\t\t<div class=\"fusion-column-wrapper\" style=\"padding: 0px 0px 0px 0px;background-position:left top;background-repeat:no-repeat;-webkit-background-size:cover;-moz-background-size:cover;-o-background-size:cover;background-size:cover;\"  data-bg-url=\"\">\n\t\t\t\t\t\t<div class=\"fusion-flip-boxes flip-boxes row fusion-columns-1\"><div class=\"fusion-flip-box-wrapper fusion-column col-lg-12 col-md-12 col-sm-12\"><div class=\"fusion-flip-box\"><div class=\"flip-box-inner-wrapper\"><div class=\"flip-box-front\" style=\"background-color:#3e3e3e;border-color:rgba(0,0,0,0);border-radius:4px;border-style:solid;border-width:1px;color:#aaa9a9;\"><div class=\"flip-box-front-inner\"><div class=\"flip-box-grafix flip-box-image\"><img src=\"http:\/\/www.infest.es\/wp-content\/uploads\/2020\/07\/alberto-281x300.jpg\" width=\"300\" height=\"150\" alt=\"\" \/><\/div><h2 class=\"flip-box-heading\" style=\"color:#ffffff;\">Alberto Corredor<\/h2>Director<\/div><\/div><div class=\"flip-box-back\" style=\"background-color:#cb7224;border-color:rgba(0,0,0,0);border-radius:4px;border-style:solid;border-width:1px;color:#ffffff;\"><div class=\"flip-box-back-inner\"><h3 class=\"flip-box-heading-back\" style=\"color:#eeeded;\">Alberto Corredor<\/h3>\n<p>Aquest madrileny establert des de fa anys a Londres va ser el guanyador de el premi del p\u00fablic Infest 2019. El seu curtmetratge, Baghead, ha estat reconegut internacionalment &#8230; i a dia d&#8217;avui, les Cucas Infest pensen que \u00e9s un dels millors curtmetratges que ha passat pel festival.<\/p>\n<\/div><\/div><\/div><\/div><\/div><\/div><div class=\"fusion-clearfix\"><\/div><div class=\"fusion-clearfix\"><\/div>\n\n\t\t\t\t\t<\/div>\n\t\t\t\t<\/div><div  class=\"fusion-layout-column fusion_builder_column fusion_builder_column_1_3  fusion-one-third fusion-column-last 1_3\"  style='margin-top:0px;margin-bottom:20px;width:33.33%;width:calc(33.33% - ( ( 4% + 4% ) * 0.3333 ) );'>\n\t\t\t\t\t<div class=\"fusion-column-wrapper\" style=\"padding: 0px 0px 0px 0px;background-position:left top;background-repeat:no-repeat;-webkit-background-size:cover;-moz-background-size:cover;-o-background-size:cover;background-size:cover;\"  data-bg-url=\"\">\n\t\t\t\t\t\t<div class=\"fusion-flip-boxes flip-boxes row fusion-columns-1\"><div class=\"fusion-flip-box-wrapper fusion-column col-lg-12 col-md-12 col-sm-12\"><div class=\"fusion-flip-box\"><div class=\"flip-box-inner-wrapper\"><div class=\"flip-box-front\" style=\"background-color:#3e3e3e;border-color:rgba(0,0,0,0);border-radius:4px;border-style:solid;border-width:1px;color:#aaa9a9;\"><div class=\"flip-box-front-inner\"><div class=\"flip-box-grafix flip-box-image\"><img src=\"http:\/\/www.infest.es\/wp-content\/uploads\/2020\/07\/olga-300x225.jpg\" width=\"300\" height=\"150\" alt=\"\" \/><\/div><h2 class=\"flip-box-heading\" style=\"color:#ffffff;\">Olga Navarro<\/h2>Llicenciada en Comunicaci\u00f3 Audiovisual per la Universitat Pompeu Fabra<\/div><\/div><div class=\"flip-box-back\" style=\"background-color:#cb7224;border-color:rgba(0,0,0,0);border-radius:4px;border-style:solid;border-width:1px;color:#ffffff;\"><div class=\"flip-box-back-inner\"><h3 class=\"flip-box-heading-back\" style=\"color:#eeeded;\">Olga Navarro<\/h3>\n<p>Olga Navarro ha treballat com a directora de c\u00e0stings per a diferents productores, sent directora, alhora, de diversos curtmetratges. Actualment co-dirigeix \u200b\u200bl&#8217;ag\u00e8ncia d&#8217;actors i models de Barcelona Ethnic Models.<br \/>\nPocs saben que l&#8217;Olga va estar, tamb\u00e9, a l&#8217;origen de l&#8217;Infest. Vaja, \u00a1que en el seu ADN hi ha traces de Cuca!<\/p>\n<\/div><\/div><\/div><\/div><\/div><\/div><div class=\"fusion-clearfix\"><\/div><div class=\"fusion-clearfix\"><\/div>\n\n\t\t\t\t\t<\/div>\n\t\t\t\t<\/div><div  class=\"fusion-layout-column fusion_builder_column fusion_builder_column_1_3  fusion-one-third fusion-column-first 1_3\"  style='margin-top:0px;margin-bottom:20px;width:33.33%;width:calc(33.33% - ( ( 4% + 4% ) * 0.3333 ) );margin-right: 4%;'>\n\t\t\t\t\t<div class=\"fusion-column-wrapper\" style=\"padding: 0px 0px 0px 0px;background-position:left top;background-repeat:no-repeat;-webkit-background-size:cover;-moz-background-size:cover;-o-background-size:cover;background-size:cover;\"  data-bg-url=\"\">\n\t\t\t\t\t\t<div class=\"fusion-clearfix\"><\/div>\n\n\t\t\t\t\t<\/div>\n\t\t\t\t<\/div><div  class=\"fusion-layout-column fusion_builder_column fusion_builder_column_1_3  fusion-one-third 1_3\"  style='margin-top:0px;margin-bottom:20px;width:33.33%;width:calc(33.33% - ( ( 4% + 4% ) * 0.3333 ) );margin-right: 4%;'>\n\t\t\t\t\t<div class=\"fusion-column-wrapper\" style=\"padding: 0px 0px 0px 0px;background-position:left top;background-repeat:no-repeat;-webkit-background-size:cover;-moz-background-size:cover;-o-background-size:cover;background-size:cover;\"  data-bg-url=\"\">\n\t\t\t\t\t\t<div class=\"fusion-flip-boxes flip-boxes row fusion-columns-1\"><div class=\"fusion-flip-box-wrapper fusion-column col-lg-12 col-md-12 col-sm-12\"><div class=\"fusion-flip-box\"><div class=\"flip-box-inner-wrapper\"><div class=\"flip-box-front\" style=\"background-color:#3e3e3e;border-color:rgba(0,0,0,0);border-radius:4px;border-style:solid;border-width:1px;color:#aaa9a9;\"><div class=\"flip-box-front-inner\"><div class=\"flip-box-grafix flip-box-image\"><img src=\"http:\/\/www.infest.es\/wp-content\/uploads\/2020\/07\/bani-240x300.jpg\" width=\"300\" height=\"150\" alt=\"\" \/><\/div><h2 class=\"flip-box-heading\" style=\"color:#ffffff;\">Dani Viqueira<\/h2>Director i guionista<\/div><\/div><div class=\"flip-box-back\" style=\"background-color:#cb7224;border-color:rgba(0,0,0,0);border-radius:4px;border-style:solid;border-width:1px;color:#ffffff;\"><div class=\"flip-box-back-inner\"><h3 class=\"flip-box-heading-back\" style=\"color:#eeeded;\">Dani Viqueira<\/h3>\n<p>Director i guionista gallec, el seu primer curtmetratge, Limbo, ha arribat a 150 seleccions en festivals de tot el m\u00f3n, aconseguint la nominaci\u00f3 a l&#8217;Melies d&#8217;Or a millor curtmetratge fant\u00e0stic Europeu 2020 i qualificant als premis Goya 2021. El 2020 estrenar\u00e0 el seu segon curtmetratge com a director i muntador, &#8220;La Penumbra&#8221;.<br \/>\nAmb Limbo, Dani Viqueira va participar en el Infest 2019 i va aconseguir la seva fita m\u00e9s important: anar-se&#8217;n de festa amb les cuques de l&#8217;Infest.<\/p>\n<\/div><\/div><\/div><\/div><\/div><\/div><div class=\"fusion-clearfix\"><\/div><div class=\"fusion-clearfix\"><\/div>\n\n\t\t\t\t\t<\/div>\n\t\t\t\t<\/div><div  class=\"fusion-layout-column fusion_builder_column fusion_builder_column_1_3  fusion-one-third fusion-column-last 1_3\"  style='margin-top:0px;margin-bottom:20px;width:33.33%;width:calc(33.33% - ( ( 4% + 4% ) * 0.3333 ) );'>\n\t\t\t\t\t<div class=\"fusion-column-wrapper\" style=\"padding: 0px 0px 0px 0px;background-position:left top;background-repeat:no-repeat;-webkit-background-size:cover;-moz-background-size:cover;-o-background-size:cover;background-size:cover;\"  data-bg-url=\"\">\n\t\t\t\t\t\t<div class=\"fusion-clearfix\"><\/div>\n\n\t\t\t\t\t<\/div>\n\t\t\t\t<\/div><\/div><\/div><div class=\"fusion-fullwidth fullwidth-box nonhundred-percent-fullwidth non-hundred-percent-height-scrolling\"  style='background-color: #29292a;background-position: center center;background-repeat: no-repeat;padding-top:0px;padding-right:0px;padding-bottom:0px;padding-left:0px;'><div class=\"fusion-builder-row fusion-row \"><div  class=\"fusion-layout-column fusion_builder_column fusion_builder_column_1_1  fusion-one-full fusion-column-first fusion-column-last 1_1\"  style='margin-top:0px;margin-bottom:20px;'>\n\t\t\t\t\t<div class=\"fusion-column-wrapper\" style=\"padding: 0px 0px 0px 0px;background-position:left top;background-repeat:no-repeat;-webkit-background-size:cover;-moz-background-size:cover;-o-background-size:cover;background-size:cover;\"  data-bg-url=\"\">\n\t\t\t\t\t\t<div class=\"fusion-clearfix\"><\/div>\n\n\t\t\t\t\t<\/div>\n\t\t\t\t<\/div><\/div><\/div><\/p>\n","protected":false},"excerpt":{"rendered":"","protected":false},"author":1,"featured_media":0,"parent":0,"menu_order":0,"comment_status":"closed","ping_status":"closed","template":"","meta":[],"_links":{"self":[{"href":"http:\/\/www.infest.es\/ca\/wp-json\/wp\/v2\/pages\/12179"}],"collection":[{"href":"http:\/\/www.infest.es\/ca\/wp-json\/wp\/v2\/pages"}],"about":[{"href":"http:\/\/www.infest.es\/ca\/wp-json\/wp\/v2\/types\/page"}],"author":[{"embeddable":true,"href":"http:\/\/www.infest.es\/ca\/wp-json\/wp\/v2\/users\/1"}],"replies":[{"embeddable":true,"href":"http:\/\/www.infest.es\/ca\/wp-json\/wp\/v2\/comments?post=12179"}],"version-history":[{"count":51,"href":"http:\/\/www.infest.es\/ca\/wp-json\/wp\/v2\/pages\/12179\/revisions"}],"predecessor-version":[{"id":20505,"href":"http:\/\/www.infest.es\/ca\/wp-json\/wp\/v2\/pages\/12179\/revisions\/20505"}],"wp:attachment":[{"href":"http:\/\/www.infest.es\/ca\/wp-json\/wp\/v2\/media?parent=12179"}],"curies":[{"name":"wp","href":"https:\/\/api.w.org\/{rel}","templated":true}]}}

<p><div class="fusion-fullwidth fullwidth-box nonhundred-percent-fullwidth non-hundred-percent-height-scrolling"  style='background-color: #29292a;background-position: center center;background-repeat: no-repeat;padding-top:0px;padding-right:0px;padding-bottom:0px;padding-left:0px;'><div class="fusion-builder-row fusion-row "><div  class="fusion-layout-column fusion_builder_column fusion_builder_column_1_1  fusion-one-full fusion-column-first fusion-column-last 1_1"  style='margin-top:0px;margin-bottom:20px;'>
					<div class="fusion-column-wrapper" style="padding: 0px 0px 0px 0px;background-position:left top;background-repeat:no-repeat;-webkit-background-size:cover;-moz-background-size:cover;-o-background-size:cover;background-size:cover;"  data-bg-url="">
						<div class="fusion-title title fusion-title-center fusion-title-size-one" style="margin-top:0px;margin-bottom:31px;"><div class="title-sep-container title-sep-container-left"><div class="title-sep sep-double sep-solid" style="border-color:#3e3e3e;"></div></div><h1 class="title-heading-center">Jurat 2020</h1><div class="title-sep-container title-sep-container-right"><div class="title-sep sep-double sep-solid" style="border-color:#3e3e3e;"></div></div></div><div class="fusion-sep-clear"></div><div class="fusion-separator fusion-full-width-sep sep-none" style="margin-left: auto;margin-right: auto;margin-top:;"></div><div class="fusion-text"><div class="text-wrap tlid-copy-target">
<div class="result-shield-container tlid-copy-target" tabindex="0"><span class="tlid-translation translation" lang="en"><span class="" title="">D&#8217;entre els curts que ens arriben, les Cuques de l&#8217;Infest seleccionen 3 hores de projeccions amb els finalistes. Les cuques preseleccionadores enguany han estat: </span></span></div>
</div>
<p style="text-align: center;">Anna Berrozpe, Miqui Cardona, Imanol Fernández, Alberto García,  Nerea Gómez, Ignacio Malagón, Patricia Moreno, Laia Parral, Sergio Ramos i Francesc Serrate. Totes elles estan vinculades amb el món artístic i audiovisual.</p>
<p style="text-align: center;"><span class="tlid-translation translation" lang="en"><span class="" title="">Infest s&#8217;encarrega també de decidir qui és el jurat final, que decideix d&#8217;entre aquestes 3 hores quin serà el primer i el segon premi. Enguany el jurat el formen:</span></span></p>
</div><div class="fusion-clearfix"></div>

					</div>
				</div></div></div><div class="fusion-fullwidth fullwidth-box nonhundred-percent-fullwidth non-hundred-percent-height-scrolling"  style='background-color: #29292a;background-position: center center;background-repeat: no-repeat;padding-top:0px;padding-right:0px;padding-bottom:0px;padding-left:0px;'><div class="fusion-builder-row fusion-row "><div  class="fusion-layout-column fusion_builder_column fusion_builder_column_1_3  fusion-one-third fusion-column-first 1_3"  style='margin-top:0px;margin-bottom:20px;width:33.33%;width:calc(33.33% - ( ( 4% + 4% ) * 0.3333 ) );margin-right: 4%;'>
					<div class="fusion-column-wrapper" style="padding: 0px 0px 0px 0px;background-position:left top;background-repeat:no-repeat;-webkit-background-size:cover;-moz-background-size:cover;-o-background-size:cover;background-size:cover;"  data-bg-url="">
						<div class="fusion-flip-boxes flip-boxes row fusion-columns-1"><div class="fusion-flip-box-wrapper fusion-column col-lg-12 col-md-12 col-sm-12"><div class="fusion-flip-box"><div class="flip-box-inner-wrapper"><div class="flip-box-front" style="background-color:#3e3e3e;border-color:rgba(0,0,0,0);border-radius:4px;border-style:solid;border-width:1px;color:#aaa9a9;"><div class="flip-box-front-inner"><div class="flip-box-grafix flip-box-image"><img src="http://www.infest.es/wp-content/uploads/2020/07/mar-300x200.jpg" width="300" height="150" alt="" /></div><h2 class="flip-box-heading" style="color:#ffffff;">Mar Morey</h2>Realitzadora audiovisual i fotògrafa</div></div><div class="flip-box-back" style="background-color:#cb7224;border-color:rgba(0,0,0,0);border-radius:4px;border-style:solid;border-width:1px;color:#ffffff;"><div class="flip-box-back-inner"><h3 class="flip-box-heading-back" style="color:#eeeded;">Mar Morey</h3>
<p>L&#8217;eix central del seu treball és l&#8217;educació, l&#8217;art i la cultura. Ha estat realitzadora d&#8217;Arts Santa Mònica i co-creadora de la productora Sra. Audiovisual amb la qual ha treballat produint obres de diversos artistes i el videoclip Equilibrista de Professor Globo guardonat en els festivals FIC-CAT i Scopifest.</p>
</div></div></div></div></div></div><div class="fusion-clearfix"></div><div class="fusion-clearfix"></div>

					</div>
				</div><div  class="fusion-layout-column fusion_builder_column fusion_builder_column_1_3  fusion-one-third 1_3"  style='margin-top:0px;margin-bottom:20px;width:33.33%;width:calc(33.33% - ( ( 4% + 4% ) * 0.3333 ) );margin-right: 4%;'>
					<div class="fusion-column-wrapper" style="padding: 0px 0px 0px 0px;background-position:left top;background-repeat:no-repeat;-webkit-background-size:cover;-moz-background-size:cover;-o-background-size:cover;background-size:cover;"  data-bg-url="">
						<div class="fusion-flip-boxes flip-boxes row fusion-columns-1"><div class="fusion-flip-box-wrapper fusion-column col-lg-12 col-md-12 col-sm-12"><div class="fusion-flip-box"><div class="flip-box-inner-wrapper"><div class="flip-box-front" style="background-color:#3e3e3e;border-color:rgba(0,0,0,0);border-radius:4px;border-style:solid;border-width:1px;color:#aaa9a9;"><div class="flip-box-front-inner"><div class="flip-box-grafix flip-box-image"><img src="http://www.infest.es/wp-content/uploads/2020/07/alberto-281x300.jpg" width="300" height="150" alt="" /></div><h2 class="flip-box-heading" style="color:#ffffff;">Alberto Corredor</h2>Director</div></div><div class="flip-box-back" style="background-color:#cb7224;border-color:rgba(0,0,0,0);border-radius:4px;border-style:solid;border-width:1px;color:#ffffff;"><div class="flip-box-back-inner"><h3 class="flip-box-heading-back" style="color:#eeeded;">Alberto Corredor</h3>
<p>Aquest madrileny establert des de fa anys a Londres va ser el guanyador de el premi del públic Infest 2019. El seu curtmetratge, Baghead, ha estat reconegut internacionalment &#8230; i a dia d&#8217;avui, les Cucas Infest pensen que és un dels millors curtmetratges que ha passat pel festival.</p>
</div></div></div></div></div></div><div class="fusion-clearfix"></div><div class="fusion-clearfix"></div>

					</div>
				</div><div  class="fusion-layout-column fusion_builder_column fusion_builder_column_1_3  fusion-one-third fusion-column-last 1_3"  style='margin-top:0px;margin-bottom:20px;width:33.33%;width:calc(33.33% - ( ( 4% + 4% ) * 0.3333 ) );'>
					<div class="fusion-column-wrapper" style="padding: 0px 0px 0px 0px;background-position:left top;background-repeat:no-repeat;-webkit-background-size:cover;-moz-background-size:cover;-o-background-size:cover;background-size:cover;"  data-bg-url="">
						<div class="fusion-flip-boxes flip-boxes row fusion-columns-1"><div class="fusion-flip-box-wrapper fusion-column col-lg-12 col-md-12 col-sm-12"><div class="fusion-flip-box"><div class="flip-box-inner-wrapper"><div class="flip-box-front" style="background-color:#3e3e3e;border-color:rgba(0,0,0,0);border-radius:4px;border-style:solid;border-width:1px;color:#aaa9a9;"><div class="flip-box-front-inner"><div class="flip-box-grafix flip-box-image"><img src="http://www.infest.es/wp-content/uploads/2020/07/olga-300x225.jpg" width="300" height="150" alt="" /></div><h2 class="flip-box-heading" style="color:#ffffff;">Olga Navarro</h2>Llicenciada en Comunicació Audiovisual per la Universitat Pompeu Fabra</div></div><div class="flip-box-back" style="background-color:#cb7224;border-color:rgba(0,0,0,0);border-radius:4px;border-style:solid;border-width:1px;color:#ffffff;"><div class="flip-box-back-inner"><h3 class="flip-box-heading-back" style="color:#eeeded;">Olga Navarro</h3>
<p>Olga Navarro ha treballat com a directora de càstings per a diferents productores, sent directora, alhora, de diversos curtmetratges. Actualment co-dirigeix ​​l&#8217;agència d&#8217;actors i models de Barcelona Ethnic Models.<br />
Pocs saben que l&#8217;Olga va estar, també, a l&#8217;origen de l&#8217;Infest. Vaja, ¡que en el seu ADN hi ha traces de Cuca!</p>
</div></div></div></div></div></div><div class="fusion-clearfix"></div><div class="fusion-clearfix"></div>

					</div>
				</div><div  class="fusion-layout-column fusion_builder_column fusion_builder_column_1_3  fusion-one-third fusion-column-first 1_3"  style='margin-top:0px;margin-bottom:20px;width:33.33%;width:calc(33.33% - ( ( 4% + 4% ) * 0.3333 ) );margin-right: 4%;'>
					<div class="fusion-column-wrapper" style="padding: 0px 0px 0px 0px;background-position:left top;background-repeat:no-repeat;-webkit-background-size:cover;-moz-background-size:cover;-o-background-size:cover;background-size:cover;"  data-bg-url="">
						<div class="fusion-clearfix"></div>

					</div>
				</div><div  class="fusion-layout-column fusion_builder_column fusion_builder_column_1_3  fusion-one-third 1_3"  style='margin-top:0px;margin-bottom:20px;width:33.33%;width:calc(33.33% - ( ( 4% + 4% ) * 0.3333 ) );margin-right: 4%;'>
					<div class="fusion-column-wrapper" style="padding: 0px 0px 0px 0px;background-position:left top;background-repeat:no-repeat;-webkit-background-size:cover;-moz-background-size:cover;-o-background-size:cover;background-size:cover;"  data-bg-url="">
						<div class="fusion-flip-boxes flip-boxes row fusion-columns-1"><div class="fusion-flip-box-wrapper fusion-column col-lg-12 col-md-12 col-sm-12"><div class="fusion-flip-box"><div class="flip-box-inner-wrapper"><div class="flip-box-front" style="background-color:#3e3e3e;border-color:rgba(0,0,0,0);border-radius:4px;border-style:solid;border-width:1px;color:#aaa9a9;"><div class="flip-box-front-inner"><div class="flip-box-grafix flip-box-image"><img src="http://www.infest.es/wp-content/uploads/2020/07/bani-240x300.jpg" width="300" height="150" alt="" /></div><h2 class="flip-box-heading" style="color:#ffffff;">Dani Viqueira</h2>Director i guionista</div></div><div class="flip-box-back" style="background-color:#cb7224;border-color:rgba(0,0,0,0);border-radius:4px;border-style:solid;border-width:1px;color:#ffffff;"><div class="flip-box-back-inner"><h3 class="flip-box-heading-back" style="color:#eeeded;">Dani Viqueira</h3>
<p>Director i guionista gallec, el seu primer curtmetratge, Limbo, ha arribat a 150 seleccions en festivals de tot el món, aconseguint la nominació a l&#8217;Melies d&#8217;Or a millor curtmetratge fantàstic Europeu 2020 i qualificant als premis Goya 2021. El 2020 estrenarà el seu segon curtmetratge com a director i muntador, &#8220;La Penumbra&#8221;.<br />
Amb Limbo, Dani Viqueira va participar en el Infest 2019 i va aconseguir la seva fita més important: anar-se&#8217;n de festa amb les cuques de l&#8217;Infest.</p>
</div></div></div></div></div></div><div class="fusion-clearfix"></div><div class="fusion-clearfix"></div>

					</div>
				</div><div  class="fusion-layout-column fusion_builder_column fusion_builder_column_1_3  fusion-one-third fusion-column-last 1_3"  style='margin-top:0px;margin-bottom:20px;width:33.33%;width:calc(33.33% - ( ( 4% + 4% ) * 0.3333 ) );'>
					<div class="fusion-column-wrapper" style="padding: 0px 0px 0px 0px;background-position:left top;background-repeat:no-repeat;-webkit-background-size:cover;-moz-background-size:cover;-o-background-size:cover;background-size:cover;"  data-bg-url="">
						<div class="fusion-clearfix"></div>

					</div>
				</div></div></div><div class="fusion-fullwidth fullwidth-box nonhundred-percent-fullwidth non-hundred-percent-height-scrolling"  style='background-color: #29292a;background-position: center center;background-repeat: no-repeat;padding-top:0px;padding-right:0px;padding-bottom:0px;padding-left:0px;'><div class="fusion-builder-row fusion-row "><div  class="fusion-layout-column fusion_builder_column fusion_builder_column_1_1  fusion-one-full fusion-column-first fusion-column-last 1_1"  style='margin-top:0px;margin-bottom:20px;'>
					<div class="fusion-column-wrapper" style="padding: 0px 0px 0px 0px;background-position:left top;background-repeat:no-repeat;-webkit-background-size:cover;-moz-background-size:cover;-o-background-size:cover;background-size:cover;"  data-bg-url="">
						<div class="fusion-clearfix"></div>

					</div>
				</div></div></div></p>
